8*(3 - (l + 3)).
2
Suppose 6*v = 2*v - 4. Let a be (-6 + 0)/((-6)/(-4)). Let n = v - a. What are the prime factors of n?
3
Let w(j) = -28*j + 3. What are the prime factors of w(-5)?
11, 13
Let x be 48/(-10)*5/(-2). Suppose -x = -2*g - g, f - 74 = -5*g. List the prime factors of f.
2, 3
Suppose -10*p + 6*p + 132 = 0. List the prime factors of p.
3, 11
Let p(r) = 154*r**3 - 2*r**2 + r. What are the prime factors of p(1)?
3, 17
Suppose o + 4 = -6. List the prime factors of ((-76)/o)/((-6)/(-15)).
19
Let a = 79 - 53. List the prime factors of a.
2, 13
Suppose 0 = 5*f - 6*f - 18. Let r = f - -44. List the prime factors of r.
2, 13
Let w be (-2 - (-10)/4)*10. Suppose w*x - 51 = -16. Suppose 3*j = -a + x, j + 1 = 2*a + a. List the prime factors of j.
2
Suppose 0*j + 8 = -2*j, -587 = -5*f + 3*j. List the prime factors of f.
5, 23
Let o(l) = 0*l**2 + 2 - 3*l - 6 + 6*l + 3*l**2. List the prime factors of o(-3).
2, 7
Suppose 4*k + 0*l + l + 11 = 0, -3 = -3*k - 3*l. What are the prime factors of (15/k)/((-6)/48)?
2, 3, 5
Suppose 2*c - 3*c = 3*y - 22, 40 = 2*c + 5*y. Suppose -1 = 3*l - c. Suppose -59 = l*s - 8*s + 3*p, -25 = -s + 5*p. List the prime factors of s.
2, 5
Suppose 2*l = -3*q + 8*q + 6, 4*q + 16 = -4*l. List the prime factors of 15/(-6)*(0 + q).
5
Let b(u) = 3 - 3*u + 2*u - 2. Let i be b(1). Suppose i = 5*c - 58 - 2. List the prime factors of c.
2, 3
Let d(l) = -l**2 + 7*l - 6. Let x be d(6). Suppose 2*t + x*t = 0. Suppose o + 2*o - 6 = t. List the prime factors of o.
2
Let s(f) = 17*f + 1. Let o(k) = k**3 + 6*k**2 + 4*k - 3. Let n be o(-5). What are the prime factors of s(n)?
5, 7
Let j(m) = m**3 - 9*m**2 - 8*m - 2. Let h be j(10). Suppose -s - s = -h. What are the prime factors of s?
3
Let k(i) = -i**3 - 4*i**2 + 4*i + 5. Suppose 2*y + 0*y - 36 = 0. Suppose y = -4*j - 2. What are the prime factors of k(j)?
2, 5
Let k(f) = 5*f**2 + 11*f + 10. List the prime factors of k(-7).
2, 89
Suppose -29*r = -27*r - 480. List the prime factors of r.
2, 3, 5
Let y = -28 - -18. Let g(u) = u**3 + 15*u**2 + 3*u + 10. Let z(v) = -v**3 - 14*v**2 - 3*v - 11. Let n(i) = 4*g(i) + 5*z(i). List the prime factors of n(y).
3, 5
Suppose 3*g = 3, 0*k + 4*g = k - 3. What are the prime factors of k?
7
Let g be -1*(-1 + 0 + 2). Let p = 11 - g. What are the prime factors of (9/6)/(2/p)?
3
Let p = -111 - -431. List the prime factors of p.
2, 5
Let f = -202 + 289. What are the prime factors of f?
3, 29
Suppose 35 + 223 = 2*j. What are the prime factors of j?
3, 43
Let x = 16 - -48. What are the prime factors of x?
2
Suppose 0 = -2*h + 4*h - 34. Suppose 0 = -5*d + 4*d + h. Suppose 0 = 2*j - u - 11, j + 0 + d = 5*u. List the prime factors of j.
2
Let k(h) = 4*h - 1. Let x(w) = 9*w - 3. Let p(l) = 7*k(l) - 3*x(l). Let t be p(4). What are the prime factors of 16/18*t*3?
2
What are the prime factors of 12*9 + -3 + 0?
3, 5, 7
What are the prime factors of (-21)/(-7)*(-6)/(-2)?
3
Let j(b) = -12*b + 4. Let a be j(-6). Let z = a - 44. What are the prime factors of z?
2
List the prime factors of (1360/(-25))/(2/(-10)).
2, 17
Let t(w) = 4*w - 5. Let a be t(5). Let b = a + -11. What are the prime factors of b?
2
Suppose 0 = -3*w - 5*x + 546, 9 = -0*x + 3*x. List the prime factors of w.
3, 59
Suppose -4*x = -x - 12. Let n = x - 0. What are the prime factors of 155/15 - n/(-6)?
11
Let z(l) = -3*l - 11. Let d(h) = 7*h + 22. Let n(k) = -2*d(k) - 5*z(k). What are the prime factors of n(-9)?
2
Suppose 3*m + 0*r - 54 = -3*r, m + 4*r = 18. Suppose -2*x - 4*c = -c - 72, -x - 5*c = -50. Let t = x - m. What are the prime factors of t?
2, 3
What are the prime factors of (6 - (12 + -7))*(1 + 178)?
179
Let i(r) = 7*r**2 + r + 2. Let o be i(2). List the prime factors of (o/12)/(2/15).
2, 5
Let r(o) = 3*o - 1. Let y be r(10). Let m = -6 + y. List the prime factors of m.
23
Let r(i) = -i + 7. Let b be r(5). Let c(d) = -1 + 5*d + 0*d**b + 2*d**2 + 5. What are the prime factors of c(-4)?
2
What are the prime factors of 81/4 + (-6)/24?
2, 5
Let n = 8 - 17. Let x = 15 + n. What are the prime factors of x?
2, 3
Suppose -15 = -2*n - 5*w, 5*w - 3 = -n + 7. Suppose -n*l - b = -40, -l + 2 = 2*b + 3. What are the prime factors of l?
3
Suppose -4*h = -15 - 1. Suppose h = 5*w - 1. Let f(s) = 6*s**3 + 2*s**2 - s. What are the prime factors of f(w)?
7
Suppose 0 = -g + 5*g - 512. Suppose -g = -u - 19. Suppose 4*w - u = -4*v - w, 5*v + 4*w = 125. What are the prime factors of v?
3, 7
Let z = -83 + 148. What are the prime factors of z?
5, 13
Suppose 3*c + 3 = s, -2*s - s + 14 = -4*c. Suppose w - s = 4. List the prime factors of w.
2, 5
List the prime factors of 1 + 36 - (3 - 5).
3, 13
Suppose -126 = -3*q + 4*l + 131, -q + 86 = -l. What are the prime factors of q?
3, 29
Suppose 2*w - 148 = -5*h, -4*w - 6*h + 282 = -3*h. List the prime factors of w.
3, 23
Let s = 9 - -1. Let d be -1 - -18 - 2/2. Let x = d - s. What are the prime factors of x?
2, 3
Suppose 3*j + 2 = 2*g, 0 = 3*j - j + 4. Let n = g + 9. What are the prime factors of n?
7
Suppose -g - 12 = -3*k - 2, 4*g - 12 = -k. What are the prime factors of g*(2 + (-30)/(-4))?
19
Let z = 3 - -1. Let y be z/(-6) - (-136)/6. Suppose 2*h = -2*m + 5*h + y, -4*m + 3*h + 32 = 0. List the prime factors of m.
5
Suppose q + 13 + 5 = 0. List the prime factors of q*3/6*-1.
3
Let j(b) = b**2 + 8*b + 12. Let h be j(-10). What are the prime factors of h/(-24)*39/(-2)?
2, 13
Let h(f) = f**2 + 8*f + 11. Let g be (-1)/(-5) - 82/10. Let x be h(g). Suppose 74 = 5*o - x. List the prime factors of o.
17
Let w be 4/(-6) - 34/(-6). Suppose -2 = b + 4*s - 3*s, 3*b = w*s + 34. What are the prime factors of b?
3
Let a = 14 - 8. Suppose z = -3*q - 1 + a, -q + 53 = 5*z. List the prime factors of z.
11
List the prime factors of (0 - -2) + (-3)/(-1).
5
Suppose -2*g = -0*g + 14. Let f(k) = -k**3 - 8*k**2 - 10*k - 5. What are the prime factors of f(g)?
2
Suppose 2*q - 210 - 144 = 0. List the prime factors of q.
3, 59
Let v = 15 + -27. Let i be ((-10)/(-4))/(2/v). Let k = i + 22. What are the prime factors of k?
7
Let k(r) = 3*r**3 + 15*r**2 + 27*r + 9. Let m(g) = -g**3 - 8*g**2 - 13*g - 4. Let j(u) = -2*k(u) - 5*m(u). List the prime factors of j(11).
2
Suppose 20*a = 22*a - 352. What are the prime factors of a?
2, 11
Suppose -y = -3*y + 106. Let r = y - 32. List the prime factors of r.
3, 7
List the prime factors of 2/((-3)/((-516)/8)).
43
Let f = -5 + 33. Suppose -w + 3*t + f = -33, -8 = 2*t. What are the prime factors of w?
7
Let x = -6 - -6. List the prime factors of 30 - 11 - (-1 - x).
2, 5
Let t = 85 + -59. Suppose -x + t = x. What are the prime factors of x?
13
Let a(o) = o - 4 - 3 - 1. Let p be a(8). Suppose p = -3*z - 2 + 32. What are the prime factors of z?
2, 5
Let p(c) = -c + 28. What are the prime factors of p(17)?
11
What are the prime factors of 12/5*(-1 - -6)?
2, 3
Let p = 88 + -56. List the prime factors of p.
2
Let n = -1 + 3. Suppose 3*s = -u + 34, n*u - 4*s = 30 - 2. List the prime factors of u.
2, 11
Suppose -2*w + 7*w - 20 = 0. Suppose -w*f = -6*f + 4. Let z = 2 + f. What are the prime factors of z?
2
Suppose -4*j + j = -534. List the prime factors of j.
2, 89
Let f(t) = 0 + t + 3*t + 4 + t**2. Let q be f(-4). What are the prime factors of 3*q/(-9)*-15?
2, 5
Let n(t) = 0*t + 13 + 2*t - t. List the prime factors of n(0).
13
Suppose 36 + 39 = 4*w + 5*j, -9 = -3*j. What are the prime factors of w?
3, 5
Let w = 5 + 0. Let t be (-132)/(-14) + 27/(-63). Suppose 16 = 2*u - 2*j, -t = 2*u + w*j - 46. List the prime factors of u.
11
Let l = -17 + 43. Let b be l/1 - 21/(-7). Let d = b - 18. What are the prime factors of d?
11
Let z = -6 + 3. Let y = z - -6. Suppose -r = d - 2*r - 8, 3*r = -y*d + 36. List the prime factors of d.
2, 5
Let q be (18/15)/(6/20). Suppose -q = -3*s + 5. List the prime factors of 2*s*7/6.
7
Let a = 33 + 6. List the prime factors of a.
3, 13
Let k = 0 + 0. Suppose y = -k + 4. Suppose 24 + 16 = y*x. List the prime factors of x.
2, 5
Let r(v) be the second derivative of v**3/3 - v**2/2 - 4*v. Let n be r(2). Suppose 0 = 5*p + 4*s - 25, n*p - 5*s = -1 + 53. What are the prime factors of p?
3
Let a(v) = 2*v**3 - 4*v**2 + 2*v - 5. Let t be a(4). Suppose 5*q - 3*o + 0*o - t = 0, -q = o - 7. Let g = q - -2. List the prime factors of g.
13
Let i(n) = n**2 - 13*n - 3. Let m b